{"id":21267,"date":"2019-09-06T10:32:14","date_gmt":"2019-09-06T08:32:14","guid":{"rendered":"http:\/\/marolles.brussels\/event\/fables\/"},"modified":"2019-09-06T10:32:14","modified_gmt":"2019-09-06T08:32:14","slug":"fables","status":"publish","type":"tribe_events","link":"https:\/\/marolles.brussels\/en\/event\/fables\/","title":{"rendered":"Fables"},"content":{"rendered":"<p>Ce soir &#8230; c&#8217;est le hasard qui d\u00e9cide du programme !<\/p>\n<p>Thalie Envol\u00e9e vous invite \u00e0 \u00e9couter les fables de La Fontaine dans une ambiance ludique et d\u00e9contract\u00e9e.<br \/>\nA l&#8217;oppos\u00e9 de l&#8217;image qu&#8217;on se fait de la po\u00e9sie, les fables sont vivantes, hilarantes et parlent \u00e0 tout le monde. Profitez de ce moment de convivialit\u00e9 pour les red\u00e9couvrir !<br \/>\nLe verre \u00e0 la main, lancez le d\u00e9 et laissez le hasard d\u00e9cider du programme de la soir\u00e9e&#8230; Laissez-vous emporter dans un voyage surprenant et d\u00e9routant parmi ces animaux et autres personnages dr\u00f4les, cruels et touchants. Et qui sait, peut-\u00eatre reconna\u00eetrez-vous quelqu&#8217;un parmi tous ces portraits !<\/p>\n<p>Au Centre Culturel Bruegel<br \/>\nRue des Renards 1F, 1000 Bruxelles<\/p>\n<p>Ouverture des portes \u00e0 19h45<br \/>\nPetite restauration et bar \u00e0 petits prix<\/p>\n<p>Spectacle \u00e0 20h30<br \/>\nTarif : 8\u20ac, Article 27<\/p>\n<p>Interpr\u00e8tes : Laura Dussard, Antoine Giet, Antoine Motte dit Falisse, Arnaud Sottiaux, Val\u00e9ry Stasser et Laurie Willi\u00e8me<br \/>\nId\u00e9e originale : Antoine Motte dit Falisse<\/p>\n<p>Une production de la Compagnie Artaban<\/p>\n","protected":false},"excerpt":{"rendered":"<p>Ce soir &#8230; c&#8217;est le hasard qui d\u00e9cide du programme ! Thalie Envol\u00e9e vous invite \u00e0 \u00e9couter les fables de La Fontaine dans une ambiance ludique et d\u00e9contract\u00e9e. A l&#8217;oppos\u00e9 [&hellip;]<\/p>\n","protected":false},"author":164,"featured_media":21264,"template":"","meta":{"_acf_changed":false,"_exactmetrics_skip_tracking":false,"_exactmetrics_sitenote_active":false,"_exactmetrics_sitenote_note":"","_exactmetrics_sitenote_category":0,"_tribe_events_status":"","_tribe_events_status_reason":"","footnotes":""},"tags":[],"tribe_events_cat":[],"class_list":["post-21267","tribe_events","type-tribe_events","status-publish","has-post-thumbnail","hentry"],"acf":[],"cubewp_post_meta":[],"taxonomies":[],"yoast_head":"<!-- This site is optimized with the Yoast SEO plugin v27.3 - https:\/\/yoast.com\/product\/yoast-seo-wordpress\/ -->\n<title>Fables - Marolles<\/title>\n<meta name=\"robots\" content=\"index, follow, max-snippet:-1, max-image-preview:large, max-video-preview:-1\" \/>\n<link rel=\"canonical\" href=\"https:\/\/marolles.brussels\/en\/event\/fables\/\" \/>\n<meta property=\"og:locale\" content=\"en_US\" \/>\n<meta property=\"og:type\" content=\"article\" \/>\n<meta property=\"og:title\" content=\"Fables - Marolles\" \/>\n<meta property=\"og:description\" content=\"Ce soir &#8230; c&#8217;est le hasard qui d\u00e9cide du programme ! Thalie Envol\u00e9e vous invite \u00e0 \u00e9couter les fables de La Fontaine dans une ambiance ludique et d\u00e9contract\u00e9e. A l&#8217;oppos\u00e9 [&hellip;]\" \/>\n<meta property=\"og:url\" content=\"https:\/\/marolles.brussels\/en\/event\/fables\/\" \/>\n<meta property=\"og:site_name\" content=\"Marolles\" \/>\n<meta property=\"og:image\" content=\"https:\/\/marolles.brussels\/wp-content\/uploads\/2019\/09\/70434989_2370950009659710_1434053712862511104_n.jpg\" \/>\n\t<meta property=\"og:image:width\" content=\"960\" \/>\n\t<meta property=\"og:image:height\" content=\"699\" \/>\n\t<meta property=\"og:image:type\" content=\"image\/jpeg\" \/>\n<meta name=\"twitter:card\" content=\"summary_large_image\" \/>\n<script type=\"application\/ld+json\" class=\"yoast-schema-graph\">{\"@context\":\"https:\\\/\\\/schema.org\",\"@graph\":[{\"@type\":\"WebPage\",\"@id\":\"https:\\\/\\\/marolles.brussels\\\/en\\\/event\\\/fables\\\/\",\"url\":\"https:\\\/\\\/marolles.brussels\\\/en\\\/event\\\/fables\\\/\",\"name\":\"Fables - Marolles\",\"isPartOf\":{\"@id\":\"https:\\\/\\\/marolles.brussels\\\/en\\\/#website\"},\"primaryImageOfPage\":{\"@id\":\"https:\\\/\\\/marolles.brussels\\\/en\\\/event\\\/fables\\\/#primaryimage\"},\"image\":{\"@id\":\"https:\\\/\\\/marolles.brussels\\\/en\\\/event\\\/fables\\\/#primaryimage\"},\"thumbnailUrl\":\"https:\\\/\\\/marolles.brussels\\\/wp-content\\\/uploads\\\/2019\\\/09\\\/70434989_2370950009659710_1434053712862511104_n.jpg\",\"datePublished\":\"2019-09-06T08:32:14+00:00\",\"breadcrumb\":{\"@id\":\"https:\\\/\\\/marolles.brussels\\\/en\\\/event\\\/fables\\\/#breadcrumb\"},\"inLanguage\":\"en-US\",\"potentialAction\":[{\"@type\":\"ReadAction\",\"target\":[\"https:\\\/\\\/marolles.brussels\\\/en\\\/event\\\/fables\\\/\"]}]},{\"@type\":\"ImageObject\",\"inLanguage\":\"en-US\",\"@id\":\"https:\\\/\\\/marolles.brussels\\\/en\\\/event\\\/fables\\\/#primaryimage\",\"url\":\"https:\\\/\\\/marolles.brussels\\\/wp-content\\\/uploads\\\/2019\\\/09\\\/70434989_2370950009659710_1434053712862511104_n.jpg\",\"contentUrl\":\"https:\\\/\\\/marolles.brussels\\\/wp-content\\\/uploads\\\/2019\\\/09\\\/70434989_2370950009659710_1434053712862511104_n.jpg\",\"width\":960,\"height\":699,\"caption\":\"Fables\"},{\"@type\":\"BreadcrumbList\",\"@id\":\"https:\\\/\\\/marolles.brussels\\\/en\\\/event\\\/fables\\\/#breadcrumb\",\"itemListElement\":[{\"@type\":\"ListItem\",\"position\":1,\"name\":\"Accueil\",\"item\":\"https:\\\/\\\/marolles.brussels\\\/en\\\/\"},{\"@type\":\"ListItem\",\"position\":2,\"name\":\"Events\",\"item\":\"https:\\\/\\\/marolles.brussels\\\/en\\\/evenements\\\/\"},{\"@type\":\"ListItem\",\"position\":3,\"name\":\"Fables\"}]},{\"@type\":\"WebSite\",\"@id\":\"https:\\\/\\\/marolles.brussels\\\/en\\\/#website\",\"url\":\"https:\\\/\\\/marolles.brussels\\\/en\\\/\",\"name\":\"Marolles\",\"description\":\"D\u00e9couvrez les meilleurs endroits pour manger, boire un verre entre amis ou faire vos achats pr\u00e8s de chez vous.\",\"potentialAction\":[{\"@type\":\"SearchAction\",\"target\":{\"@type\":\"EntryPoint\",\"urlTemplate\":\"https:\\\/\\\/marolles.brussels\\\/en\\\/?s={search_term_string}\"},\"query-input\":{\"@type\":\"PropertyValueSpecification\",\"valueRequired\":true,\"valueName\":\"search_term_string\"}}],\"inLanguage\":\"en-US\"}]}<\/script>\n<!-- \/ Yoast SEO plugin. -->","yoast_head_json":{"title":"Fables - Marolles","robots":{"index":"index","follow":"follow","max-snippet":"max-snippet:-1","max-image-preview":"max-image-preview:large","max-video-preview":"max-video-preview:-1"},"canonical":"https:\/\/marolles.brussels\/en\/event\/fables\/","og_locale":"en_US","og_type":"article","og_title":"Fables - Marolles","og_description":"Ce soir &#8230; c&#8217;est le hasard qui d\u00e9cide du programme ! Thalie Envol\u00e9e vous invite \u00e0 \u00e9couter les fables de La Fontaine dans une ambiance ludique et d\u00e9contract\u00e9e. A l&#8217;oppos\u00e9 [&hellip;]","og_url":"https:\/\/marolles.brussels\/en\/event\/fables\/","og_site_name":"Marolles","og_image":[{"width":960,"height":699,"url":"https:\/\/marolles.brussels\/wp-content\/uploads\/2019\/09\/70434989_2370950009659710_1434053712862511104_n.jpg","type":"image\/jpeg"}],"twitter_card":"summary_large_image","schema":{"@context":"https:\/\/schema.org","@graph":[{"@type":"WebPage","@id":"https:\/\/marolles.brussels\/en\/event\/fables\/","url":"https:\/\/marolles.brussels\/en\/event\/fables\/","name":"Fables - Marolles","isPartOf":{"@id":"https:\/\/marolles.brussels\/en\/#website"},"primaryImageOfPage":{"@id":"https:\/\/marolles.brussels\/en\/event\/fables\/#primaryimage"},"image":{"@id":"https:\/\/marolles.brussels\/en\/event\/fables\/#primaryimage"},"thumbnailUrl":"https:\/\/marolles.brussels\/wp-content\/uploads\/2019\/09\/70434989_2370950009659710_1434053712862511104_n.jpg","datePublished":"2019-09-06T08:32:14+00:00","breadcrumb":{"@id":"https:\/\/marolles.brussels\/en\/event\/fables\/#breadcrumb"},"inLanguage":"en-US","potentialAction":[{"@type":"ReadAction","target":["https:\/\/marolles.brussels\/en\/event\/fables\/"]}]},{"@type":"ImageObject","inLanguage":"en-US","@id":"https:\/\/marolles.brussels\/en\/event\/fables\/#primaryimage","url":"https:\/\/marolles.brussels\/wp-content\/uploads\/2019\/09\/70434989_2370950009659710_1434053712862511104_n.jpg","contentUrl":"https:\/\/marolles.brussels\/wp-content\/uploads\/2019\/09\/70434989_2370950009659710_1434053712862511104_n.jpg","width":960,"height":699,"caption":"Fables"},{"@type":"BreadcrumbList","@id":"https:\/\/marolles.brussels\/en\/event\/fables\/#breadcrumb","itemListElement":[{"@type":"ListItem","position":1,"name":"Accueil","item":"https:\/\/marolles.brussels\/en\/"},{"@type":"ListItem","position":2,"name":"Events","item":"https:\/\/marolles.brussels\/en\/evenements\/"},{"@type":"ListItem","position":3,"name":"Fables"}]},{"@type":"WebSite","@id":"https:\/\/marolles.brussels\/en\/#website","url":"https:\/\/marolles.brussels\/en\/","name":"Marolles","description":"D\u00e9couvrez les meilleurs endroits pour manger, boire un verre entre amis ou faire vos achats pr\u00e8s de chez vous.","potentialAction":[{"@type":"SearchAction","target":{"@type":"EntryPoint","urlTemplate":"https:\/\/marolles.brussels\/en\/?s={search_term_string}"},"query-input":{"@type":"PropertyValueSpecification","valueRequired":true,"valueName":"search_term_string"}}],"inLanguage":"en-US"}]}},"_links":{"self":[{"href":"https:\/\/marolles.brussels\/en\/wp-json\/wp\/v2\/tribe_events\/21267","targetHints":{"allow":["GET"]}}],"collection":[{"href":"https:\/\/marolles.brussels\/en\/wp-json\/wp\/v2\/tribe_events"}],"about":[{"href":"https:\/\/marolles.brussels\/en\/wp-json\/wp\/v2\/types\/tribe_events"}],"author":[{"embeddable":true,"href":"https:\/\/marolles.brussels\/en\/wp-json\/wp\/v2\/users\/164"}],"version-history":[{"count":0,"href":"https:\/\/marolles.brussels\/en\/wp-json\/wp\/v2\/tribe_events\/21267\/revisions"}],"wp:featuredmedia":[{"embeddable":true,"href":"https:\/\/marolles.brussels\/en\/wp-json\/wp\/v2\/media\/21264"}],"wp:attachment":[{"href":"https:\/\/marolles.brussels\/en\/wp-json\/wp\/v2\/media?parent=21267"}],"wp:term":[{"taxonomy":"post_tag","embeddable":true,"href":"https:\/\/marolles.brussels\/en\/wp-json\/wp\/v2\/tags?post=21267"},{"taxonomy":"tribe_events_cat","embeddable":true,"href":"https:\/\/marolles.brussels\/en\/wp-json\/wp\/v2\/tribe_events_cat?post=21267"}],"curies":[{"name":"wp","href":"https:\/\/api.w.org\/{rel}","templated":true}]}}

<p>Ce soir &#8230; c&#8217;est le hasard qui décide du programme !</p>
<p>Thalie Envolée vous invite à écouter les fables de La Fontaine dans une ambiance ludique et décontractée.<br />
A l&#8217;opposé de l&#8217;image qu&#8217;on se fait de la poésie, les fables sont vivantes, hilarantes et parlent à tout le monde. Profitez de ce moment de convivialité pour les redécouvrir !<br />
Le verre à la main, lancez le dé et laissez le hasard décider du programme de la soirée&#8230; Laissez-vous emporter dans un voyage surprenant et déroutant parmi ces animaux et autres personnages drôles, cruels et touchants. Et qui sait, peut-être reconnaîtrez-vous quelqu&#8217;un parmi tous ces portraits !</p>
<p>Au Centre Culturel Bruegel<br />
Rue des Renards 1F, 1000 Bruxelles</p>
<p>Ouverture des portes à 19h45<br />
Petite restauration et bar à petits prix</p>
<p>Spectacle à 20h30<br />
Tarif : 8€, Article 27</p>
<p>Interprètes : Laura Dussard, Antoine Giet, Antoine Motte dit Falisse, Arnaud Sottiaux, Valéry Stasser et Laurie Willième<br />
Idée originale : Antoine Motte dit Falisse</p>
<p>Une production de la Compagnie Artaban</p>

<p>Ce soir &#8230; c&#8217;est le hasard qui décide du programme ! Thalie Envolée vous invite à écouter les fables de La Fontaine dans une ambiance ludique et décontractée. A l&#8217;opposé [&hellip;]</p>

<!-- This site is optimized with the Yoast SEO plugin v27.3 - https://yoast.com/product/yoast-seo-wordpress/ -->
<title>Fables - Marolles</title>
<meta name="robots" content="index, follow, max-snippet:-1, max-image-preview:large, max-video-preview:-1" />
<link rel="canonical" href="https://marolles.brussels/en/event/fables/" />
<meta property="og:locale" content="en_US" />
<meta property="og:type" content="article" />
<meta property="og:title" content="Fables - Marolles" />
<meta property="og:description" content="Ce soir &#8230; c&#8217;est le hasard qui décide du programme ! Thalie Envolée vous invite à écouter les fables de La Fontaine dans une ambiance ludique et décontractée. A l&#8217;opposé [&hellip;]" />
<meta property="og:url" content="https://marolles.brussels/en/event/fables/" />
<meta property="og:site_name" content="Marolles" />
<meta property="og:image" content="https://marolles.brussels/wp-content/uploads/2019/09/70434989_2370950009659710_1434053712862511104_n.jpg" />
	<meta property="og:image:width" content="960" />
	<meta property="og:image:height" content="699" />
	<meta property="og:image:type" content="image/jpeg" />
<meta name="twitter:card" content="summary_large_image" />
<script type="application/ld+json" class="yoast-schema-graph">{"@context":"https:\/\/schema.org","@graph":[{"@type":"WebPage","@id":"https:\/\/marolles.brussels\/en\/event\/fables\/","url":"https:\/\/marolles.brussels\/en\/event\/fables\/","name":"Fables - Marolles","isPartOf":{"@id":"https:\/\/marolles.brussels\/en\/#website"},"primaryImageOfPage":{"@id":"https:\/\/marolles.brussels\/en\/event\/fables\/#primaryimage"},"image":{"@id":"https:\/\/marolles.brussels\/en\/event\/fables\/#primaryimage"},"thumbnailUrl":"https:\/\/marolles.brussels\/wp-content\/uploads\/2019\/09\/70434989_2370950009659710_1434053712862511104_n.jpg","datePublished":"2019-09-06T08:32:14+00:00","breadcrumb":{"@id":"https:\/\/marolles.brussels\/en\/event\/fables\/#breadcrumb"},"inLanguage":"en-US","potentialAction":[{"@type":"ReadAction","target":["https:\/\/marolles.brussels\/en\/event\/fables\/"]}]},{"@type":"ImageObject","inLanguage":"en-US","@id":"https:\/\/marolles.brussels\/en\/event\/fables\/#primaryimage","url":"https:\/\/marolles.brussels\/wp-content\/uploads\/2019\/09\/70434989_2370950009659710_1434053712862511104_n.jpg","contentUrl":"https:\/\/marolles.brussels\/wp-content\/uploads\/2019\/09\/70434989_2370950009659710_1434053712862511104_n.jpg","width":960,"height":699,"caption":"Fables"},{"@type":"BreadcrumbList","@id":"https:\/\/marolles.brussels\/en\/event\/fables\/#breadcrumb","itemListElement":[{"@type":"ListItem","position":1,"name":"Accueil","item":"https:\/\/marolles.brussels\/en\/"},{"@type":"ListItem","position":2,"name":"Events","item":"https:\/\/marolles.brussels\/en\/evenements\/"},{"@type":"ListItem","position":3,"name":"Fables"}]},{"@type":"WebSite","@id":"https:\/\/marolles.brussels\/en\/#website","url":"https:\/\/marolles.brussels\/en\/","name":"Marolles","description":"Découvrez les meilleurs endroits pour manger, boire un verre entre amis ou faire vos achats près de chez vous.","potentialAction":[{"@type":"SearchAction","target":{"@type":"EntryPoint","urlTemplate":"https:\/\/marolles.brussels\/en\/?s={search_term_string}"},"query-input":{"@type":"PropertyValueSpecification","valueRequired":true,"valueName":"search_term_string"}}],"inLanguage":"en-US"}]}</script>
<!-- / Yoast SEO plugin. -->

Ce soir &#8230; c&#8217;est le hasard qui décide du programme ! Thalie Envolée vous invite à écouter les fables de La Fontaine dans une ambiance ludique et décontractée. A l&#8217;opposé [&hellip;]

Découvrez les meilleurs endroits pour manger, boire un verre entre amis ou faire vos achats près de chez vous.
