{"id":9119,"date":"2018-03-30T10:32:34","date_gmt":"2018-03-30T08:32:34","guid":{"rendered":"http:\/\/marolles.brussels\/event\/theatre-les-enfants-de-dom-juan\/"},"modified":"2018-03-30T10:55:16","modified_gmt":"2018-03-30T08:55:16","slug":"theatre-les-enfants-de-dom-juan","status":"publish","type":"tribe_events","link":"https:\/\/marolles.brussels\/en\/event\/theatre-les-enfants-de-dom-juan\/","title":{"rendered":"TH\u00c9\u00c2TRE | LES ENFANTS DE DOM JUAN"},"content":{"rendered":"<table width=\"100%\">\n<tbody>\n<tr>\n<td><strong>TH\u00c9\u00c2TRE | LES ENFANTS DE DOM JUAN<\/strong><br \/>\n<strong>Me 25\/4 au Sa 5\/5 | 20h00 | Pr\u00e9vente\u00a0:\u00a010 \u20ac \/ 8 \u20ac\u00a0 &#8211;<br \/>\nSur place : 12 \u20ac\u00a0 \/ 10 \u20ac\u00a0<\/strong><strong>Repr\u00e9sentations scolaires et associatives gratuites et suivies d&#8217;un bord de sc\u00e8ne : Je 26\/4\u00a0| 14h00 &#8211; Ve 27\/4\u00a0| 10h00 &#8211; Me 2\/5\u00a0| 10h00 &amp; Ve 4\/5\u00a0| 14h00 &#8211; R\u00e9servation obligatoire<\/strong><\/td>\n<\/tr>\n<tr>\n<td><strong>&#8220;&#8230;la pi\u00e8ce, humoristique, tendre, rythm\u00e9e et volontiers subversive, pose, entre le haram et le halal, les questions qui f\u00e2chent, convainc de la n\u00e9cessit\u00e9 de la fraternit\u00e9 et atteint sa cible&#8230;&#8221;\u00a0Laurence BERTELS &#8211;\u00a0La Libre Belgique<\/strong><\/td>\n<\/tr>\n<\/tbody>\n<\/table>\n<p>Nordine est le concierge d\u2019un th\u00e9\u00e2tre situ\u00e9 dans les quartiers populaires de la ville. Apr\u00e8s les attentats qui ont meurtri la ville, il doit accueillir Pierre, un artiste nomade, qui a \u00e9t\u00e9 engag\u00e9 dans le cadre du projet \u201cR\u00e9apprenons \u00e0 vivre ensemble\u201d. Dans trois semaines, l\u2019artiste proposera un spectacle aux habitants du quartier, il contera l\u2019histoire de Dom Juan, l\u2019ath\u00e9e jet\u00e9 aux enfers\u2026<\/p>\n","protected":false},"excerpt":{"rendered":"<p>TH\u00c9\u00c2TRE | LES ENFANTS DE DOM JUAN Me 25\/4 au Sa 5\/5 | 20h00 | Pr\u00e9vente\u00a0:\u00a010 \u20ac \/ 8 \u20ac\u00a0 &#8211; Sur place : 12 \u20ac\u00a0 \/ 10 \u20ac\u00a0Repr\u00e9sentations scolaires [&hellip;]<\/p>\n","protected":false},"author":20,"featured_media":9116,"template":"","meta":{"_acf_changed":false,"_exactmetrics_skip_tracking":false,"_exactmetrics_sitenote_active":false,"_exactmetrics_sitenote_note":"","_exactmetrics_sitenote_category":0,"_tribe_events_status":"","_tribe_events_status_reason":"","footnotes":""},"tags":[],"tribe_events_cat":[],"class_list":["post-9119","tribe_events","type-tribe_events","status-publish","has-post-thumbnail","hentry"],"acf":[],"cubewp_post_meta":[],"taxonomies":[],"yoast_head":"<!-- This site is optimized with the Yoast SEO plugin v27.3 - https:\/\/yoast.com\/product\/yoast-seo-wordpress\/ -->\n<title>TH\u00c9\u00c2TRE | LES ENFANTS DE DOM JUAN - Marolles<\/title>\n<meta name=\"robots\" content=\"index, follow, max-snippet:-1, max-image-preview:large, max-video-preview:-1\" \/>\n<link rel=\"canonical\" href=\"https:\/\/marolles.brussels\/en\/event\/theatre-les-enfants-de-dom-juan\/\" \/>\n<meta property=\"og:locale\" content=\"en_US\" \/>\n<meta property=\"og:type\" content=\"article\" \/>\n<meta property=\"og:title\" content=\"TH\u00c9\u00c2TRE | LES ENFANTS DE DOM JUAN - Marolles\" \/>\n<meta property=\"og:description\" content=\"TH\u00c9\u00c2TRE | LES ENFANTS DE DOM JUAN Me 25\/4 au Sa 5\/5 | 20h00 | Pr\u00e9vente\u00a0:\u00a010 \u20ac \/ 8 \u20ac\u00a0 &#8211; Sur place : 12 \u20ac\u00a0 \/ 10 \u20ac\u00a0Repr\u00e9sentations scolaires [&hellip;]\" \/>\n<meta property=\"og:url\" content=\"https:\/\/marolles.brussels\/en\/event\/theatre-les-enfants-de-dom-juan\/\" \/>\n<meta property=\"og:site_name\" content=\"Marolles\" \/>\n<meta property=\"article:modified_time\" content=\"2018-03-30T08:55:16+00:00\" \/>\n<meta property=\"og:image\" content=\"https:\/\/marolles.brussels\/wp-content\/uploads\/2018\/03\/18-03-30Magh.jpg\" \/>\n\t<meta property=\"og:image:width\" content=\"1026\" \/>\n\t<meta property=\"og:image:height\" content=\"1500\" \/>\n\t<meta property=\"og:image:type\" content=\"image\/jpeg\" \/>\n<meta name=\"twitter:card\" content=\"summary_large_image\" \/>\n<script type=\"application\/ld+json\" class=\"yoast-schema-graph\">{\"@context\":\"https:\\\/\\\/schema.org\",\"@graph\":[{\"@type\":\"WebPage\",\"@id\":\"https:\\\/\\\/marolles.brussels\\\/en\\\/event\\\/theatre-les-enfants-de-dom-juan\\\/\",\"url\":\"https:\\\/\\\/marolles.brussels\\\/en\\\/event\\\/theatre-les-enfants-de-dom-juan\\\/\",\"name\":\"TH\u00c9\u00c2TRE | LES ENFANTS DE DOM JUAN - Marolles\",\"isPartOf\":{\"@id\":\"https:\\\/\\\/marolles.brussels\\\/en\\\/#website\"},\"primaryImageOfPage\":{\"@id\":\"https:\\\/\\\/marolles.brussels\\\/en\\\/event\\\/theatre-les-enfants-de-dom-juan\\\/#primaryimage\"},\"image\":{\"@id\":\"https:\\\/\\\/marolles.brussels\\\/en\\\/event\\\/theatre-les-enfants-de-dom-juan\\\/#primaryimage\"},\"thumbnailUrl\":\"https:\\\/\\\/marolles.brussels\\\/wp-content\\\/uploads\\\/2018\\\/03\\\/18-03-30Magh.jpg\",\"datePublished\":\"2018-03-30T08:32:34+00:00\",\"dateModified\":\"2018-03-30T08:55:16+00:00\",\"breadcrumb\":{\"@id\":\"https:\\\/\\\/marolles.brussels\\\/en\\\/event\\\/theatre-les-enfants-de-dom-juan\\\/#breadcrumb\"},\"inLanguage\":\"en-US\",\"potentialAction\":[{\"@type\":\"ReadAction\",\"target\":[\"https:\\\/\\\/marolles.brussels\\\/en\\\/event\\\/theatre-les-enfants-de-dom-juan\\\/\"]}]},{\"@type\":\"ImageObject\",\"inLanguage\":\"en-US\",\"@id\":\"https:\\\/\\\/marolles.brussels\\\/en\\\/event\\\/theatre-les-enfants-de-dom-juan\\\/#primaryimage\",\"url\":\"https:\\\/\\\/marolles.brussels\\\/wp-content\\\/uploads\\\/2018\\\/03\\\/18-03-30Magh.jpg\",\"contentUrl\":\"https:\\\/\\\/marolles.brussels\\\/wp-content\\\/uploads\\\/2018\\\/03\\\/18-03-30Magh.jpg\",\"width\":1026,\"height\":1500},{\"@type\":\"BreadcrumbList\",\"@id\":\"https:\\\/\\\/marolles.brussels\\\/en\\\/event\\\/theatre-les-enfants-de-dom-juan\\\/#breadcrumb\",\"itemListElement\":[{\"@type\":\"ListItem\",\"position\":1,\"name\":\"Accueil\",\"item\":\"https:\\\/\\\/marolles.brussels\\\/en\\\/\"},{\"@type\":\"ListItem\",\"position\":2,\"name\":\"Events\",\"item\":\"https:\\\/\\\/marolles.brussels\\\/en\\\/evenements\\\/\"},{\"@type\":\"ListItem\",\"position\":3,\"name\":\"TH\u00c9\u00c2TRE | LES ENFANTS DE DOM JUAN\"}]},{\"@type\":\"WebSite\",\"@id\":\"https:\\\/\\\/marolles.brussels\\\/en\\\/#website\",\"url\":\"https:\\\/\\\/marolles.brussels\\\/en\\\/\",\"name\":\"Marolles\",\"description\":\"D\u00e9couvrez les meilleurs endroits pour manger, boire un verre entre amis ou faire vos achats pr\u00e8s de chez vous.\",\"potentialAction\":[{\"@type\":\"SearchAction\",\"target\":{\"@type\":\"EntryPoint\",\"urlTemplate\":\"https:\\\/\\\/marolles.brussels\\\/en\\\/?s={search_term_string}\"},\"query-input\":{\"@type\":\"PropertyValueSpecification\",\"valueRequired\":true,\"valueName\":\"search_term_string\"}}],\"inLanguage\":\"en-US\"}]}<\/script>\n<!-- \/ Yoast SEO plugin. -->","yoast_head_json":{"title":"TH\u00c9\u00c2TRE | LES ENFANTS DE DOM JUAN - Marolles","robots":{"index":"index","follow":"follow","max-snippet":"max-snippet:-1","max-image-preview":"max-image-preview:large","max-video-preview":"max-video-preview:-1"},"canonical":"https:\/\/marolles.brussels\/en\/event\/theatre-les-enfants-de-dom-juan\/","og_locale":"en_US","og_type":"article","og_title":"TH\u00c9\u00c2TRE | LES ENFANTS DE DOM JUAN - Marolles","og_description":"TH\u00c9\u00c2TRE | LES ENFANTS DE DOM JUAN Me 25\/4 au Sa 5\/5 | 20h00 | Pr\u00e9vente\u00a0:\u00a010 \u20ac \/ 8 \u20ac\u00a0 &#8211; Sur place : 12 \u20ac\u00a0 \/ 10 \u20ac\u00a0Repr\u00e9sentations scolaires [&hellip;]","og_url":"https:\/\/marolles.brussels\/en\/event\/theatre-les-enfants-de-dom-juan\/","og_site_name":"Marolles","article_modified_time":"2018-03-30T08:55:16+00:00","og_image":[{"width":1026,"height":1500,"url":"https:\/\/marolles.brussels\/wp-content\/uploads\/2018\/03\/18-03-30Magh.jpg","type":"image\/jpeg"}],"twitter_card":"summary_large_image","schema":{"@context":"https:\/\/schema.org","@graph":[{"@type":"WebPage","@id":"https:\/\/marolles.brussels\/en\/event\/theatre-les-enfants-de-dom-juan\/","url":"https:\/\/marolles.brussels\/en\/event\/theatre-les-enfants-de-dom-juan\/","name":"TH\u00c9\u00c2TRE | LES ENFANTS DE DOM JUAN - Marolles","isPartOf":{"@id":"https:\/\/marolles.brussels\/en\/#website"},"primaryImageOfPage":{"@id":"https:\/\/marolles.brussels\/en\/event\/theatre-les-enfants-de-dom-juan\/#primaryimage"},"image":{"@id":"https:\/\/marolles.brussels\/en\/event\/theatre-les-enfants-de-dom-juan\/#primaryimage"},"thumbnailUrl":"https:\/\/marolles.brussels\/wp-content\/uploads\/2018\/03\/18-03-30Magh.jpg","datePublished":"2018-03-30T08:32:34+00:00","dateModified":"2018-03-30T08:55:16+00:00","breadcrumb":{"@id":"https:\/\/marolles.brussels\/en\/event\/theatre-les-enfants-de-dom-juan\/#breadcrumb"},"inLanguage":"en-US","potentialAction":[{"@type":"ReadAction","target":["https:\/\/marolles.brussels\/en\/event\/theatre-les-enfants-de-dom-juan\/"]}]},{"@type":"ImageObject","inLanguage":"en-US","@id":"https:\/\/marolles.brussels\/en\/event\/theatre-les-enfants-de-dom-juan\/#primaryimage","url":"https:\/\/marolles.brussels\/wp-content\/uploads\/2018\/03\/18-03-30Magh.jpg","contentUrl":"https:\/\/marolles.brussels\/wp-content\/uploads\/2018\/03\/18-03-30Magh.jpg","width":1026,"height":1500},{"@type":"BreadcrumbList","@id":"https:\/\/marolles.brussels\/en\/event\/theatre-les-enfants-de-dom-juan\/#breadcrumb","itemListElement":[{"@type":"ListItem","position":1,"name":"Accueil","item":"https:\/\/marolles.brussels\/en\/"},{"@type":"ListItem","position":2,"name":"Events","item":"https:\/\/marolles.brussels\/en\/evenements\/"},{"@type":"ListItem","position":3,"name":"TH\u00c9\u00c2TRE | LES ENFANTS DE DOM JUAN"}]},{"@type":"WebSite","@id":"https:\/\/marolles.brussels\/en\/#website","url":"https:\/\/marolles.brussels\/en\/","name":"Marolles","description":"D\u00e9couvrez les meilleurs endroits pour manger, boire un verre entre amis ou faire vos achats pr\u00e8s de chez vous.","potentialAction":[{"@type":"SearchAction","target":{"@type":"EntryPoint","urlTemplate":"https:\/\/marolles.brussels\/en\/?s={search_term_string}"},"query-input":{"@type":"PropertyValueSpecification","valueRequired":true,"valueName":"search_term_string"}}],"inLanguage":"en-US"}]}},"_links":{"self":[{"href":"https:\/\/marolles.brussels\/en\/wp-json\/wp\/v2\/tribe_events\/9119","targetHints":{"allow":["GET"]}}],"collection":[{"href":"https:\/\/marolles.brussels\/en\/wp-json\/wp\/v2\/tribe_events"}],"about":[{"href":"https:\/\/marolles.brussels\/en\/wp-json\/wp\/v2\/types\/tribe_events"}],"author":[{"embeddable":true,"href":"https:\/\/marolles.brussels\/en\/wp-json\/wp\/v2\/users\/20"}],"version-history":[{"count":0,"href":"https:\/\/marolles.brussels\/en\/wp-json\/wp\/v2\/tribe_events\/9119\/revisions"}],"wp:featuredmedia":[{"embeddable":true,"href":"https:\/\/marolles.brussels\/en\/wp-json\/wp\/v2\/media\/9116"}],"wp:attachment":[{"href":"https:\/\/marolles.brussels\/en\/wp-json\/wp\/v2\/media?parent=9119"}],"wp:term":[{"taxonomy":"post_tag","embeddable":true,"href":"https:\/\/marolles.brussels\/en\/wp-json\/wp\/v2\/tags?post=9119"},{"taxonomy":"tribe_events_cat","embeddable":true,"href":"https:\/\/marolles.brussels\/en\/wp-json\/wp\/v2\/tribe_events_cat?post=9119"}],"curies":[{"name":"wp","href":"https:\/\/api.w.org\/{rel}","templated":true}]}}

THÉÂTRE | LES ENFANTS DE DOM JUAN

<table width="100%">
<tbody>
<tr>
<td><strong>THÉÂTRE | LES ENFANTS DE DOM JUAN</strong><br />
<strong>Me 25/4 au Sa 5/5 | 20h00 | Prévente : 10 € / 8 €  &#8211;<br />
Sur place : 12 €  / 10 € </strong><strong>Représentations scolaires et associatives gratuites et suivies d&#8217;un bord de scène : Je 26/4 | 14h00 &#8211; Ve 27/4 | 10h00 &#8211; Me 2/5 | 10h00 &amp; Ve 4/5 | 14h00 &#8211; Réservation obligatoire</strong></td>
</tr>
<tr>
<td><strong>&#8220;&#8230;la pièce, humoristique, tendre, rythmée et volontiers subversive, pose, entre le haram et le halal, les questions qui fâchent, convainc de la nécessité de la fraternité et atteint sa cible&#8230;&#8221; Laurence BERTELS &#8211; La Libre Belgique</strong></td>
</tr>
</tbody>
</table>
<p>Nordine est le concierge d’un théâtre situé dans les quartiers populaires de la ville. Après les attentats qui ont meurtri la ville, il doit accueillir Pierre, un artiste nomade, qui a été engagé dans le cadre du projet “Réapprenons à vivre ensemble”. Dans trois semaines, l’artiste proposera un spectacle aux habitants du quartier, il contera l’histoire de Dom Juan, l’athée jeté aux enfers…</p>

<p>THÉÂTRE | LES ENFANTS DE DOM JUAN Me 25/4 au Sa 5/5 | 20h00 | Prévente : 10 € / 8 €  &#8211; Sur place : 12 €  / 10 € Représentations scolaires [&hellip;]</p>

<!-- This site is optimized with the Yoast SEO plugin v27.3 - https://yoast.com/product/yoast-seo-wordpress/ -->
<title>THÉÂTRE | LES ENFANTS DE DOM JUAN - Marolles</title>
<meta name="robots" content="index, follow, max-snippet:-1, max-image-preview:large, max-video-preview:-1" />
<link rel="canonical" href="https://marolles.brussels/en/event/theatre-les-enfants-de-dom-juan/" />
<meta property="og:locale" content="en_US" />
<meta property="og:type" content="article" />
<meta property="og:title" content="THÉÂTRE | LES ENFANTS DE DOM JUAN - Marolles" />
<meta property="og:description" content="THÉÂTRE | LES ENFANTS DE DOM JUAN Me 25/4 au Sa 5/5 | 20h00 | Prévente : 10 € / 8 €  &#8211; Sur place : 12 €  / 10 € Représentations scolaires [&hellip;]" />
<meta property="og:url" content="https://marolles.brussels/en/event/theatre-les-enfants-de-dom-juan/" />
<meta property="og:site_name" content="Marolles" />
<meta property="article:modified_time" content="2018-03-30T08:55:16+00:00" />
<meta property="og:image" content="https://marolles.brussels/wp-content/uploads/2018/03/18-03-30Magh.jpg" />
	<meta property="og:image:width" content="1026" />
	<meta property="og:image:height" content="1500" />
	<meta property="og:image:type" content="image/jpeg" />
<meta name="twitter:card" content="summary_large_image" />
<script type="application/ld+json" class="yoast-schema-graph">{"@context":"https:\/\/schema.org","@graph":[{"@type":"WebPage","@id":"https:\/\/marolles.brussels\/en\/event\/theatre-les-enfants-de-dom-juan\/","url":"https:\/\/marolles.brussels\/en\/event\/theatre-les-enfants-de-dom-juan\/","name":"THÉÂTRE | LES ENFANTS DE DOM JUAN - Marolles","isPartOf":{"@id":"https:\/\/marolles.brussels\/en\/#website"},"primaryImageOfPage":{"@id":"https:\/\/marolles.brussels\/en\/event\/theatre-les-enfants-de-dom-juan\/#primaryimage"},"image":{"@id":"https:\/\/marolles.brussels\/en\/event\/theatre-les-enfants-de-dom-juan\/#primaryimage"},"thumbnailUrl":"https:\/\/marolles.brussels\/wp-content\/uploads\/2018\/03\/18-03-30Magh.jpg","datePublished":"2018-03-30T08:32:34+00:00","dateModified":"2018-03-30T08:55:16+00:00","breadcrumb":{"@id":"https:\/\/marolles.brussels\/en\/event\/theatre-les-enfants-de-dom-juan\/#breadcrumb"},"inLanguage":"en-US","potentialAction":[{"@type":"ReadAction","target":["https:\/\/marolles.brussels\/en\/event\/theatre-les-enfants-de-dom-juan\/"]}]},{"@type":"ImageObject","inLanguage":"en-US","@id":"https:\/\/marolles.brussels\/en\/event\/theatre-les-enfants-de-dom-juan\/#primaryimage","url":"https:\/\/marolles.brussels\/wp-content\/uploads\/2018\/03\/18-03-30Magh.jpg","contentUrl":"https:\/\/marolles.brussels\/wp-content\/uploads\/2018\/03\/18-03-30Magh.jpg","width":1026,"height":1500},{"@type":"BreadcrumbList","@id":"https:\/\/marolles.brussels\/en\/event\/theatre-les-enfants-de-dom-juan\/#breadcrumb","itemListElement":[{"@type":"ListItem","position":1,"name":"Accueil","item":"https:\/\/marolles.brussels\/en\/"},{"@type":"ListItem","position":2,"name":"Events","item":"https:\/\/marolles.brussels\/en\/evenements\/"},{"@type":"ListItem","position":3,"name":"THÉÂTRE | LES ENFANTS DE DOM JUAN"}]},{"@type":"WebSite","@id":"https:\/\/marolles.brussels\/en\/#website","url":"https:\/\/marolles.brussels\/en\/","name":"Marolles","description":"Découvrez les meilleurs endroits pour manger, boire un verre entre amis ou faire vos achats près de chez vous.","potentialAction":[{"@type":"SearchAction","target":{"@type":"EntryPoint","urlTemplate":"https:\/\/marolles.brussels\/en\/?s={search_term_string}"},"query-input":{"@type":"PropertyValueSpecification","valueRequired":true,"valueName":"search_term_string"}}],"inLanguage":"en-US"}]}</script>
<!-- / Yoast SEO plugin. -->

THÉÂTRE | LES ENFANTS DE DOM JUAN - Marolles

THÉÂTRE | LES ENFANTS DE DOM JUAN Me 25/4 au Sa 5/5 | 20h00 | Prévente : 10 € / 8 €  &#8211; Sur place : 12 €  / 10 € Représentations scolaires [&hellip;]

Découvrez les meilleurs endroits pour manger, boire un verre entre amis ou faire vos achats près de chez vous.
