{"id":11997,"date":"2018-08-15T12:06:16","date_gmt":"2018-08-15T10:06:16","guid":{"rendered":"http:\/\/marolles.brussels\/?post_type=tribe_events&#038;p=11997"},"modified":"2018-08-15T14:23:49","modified_gmt":"2018-08-15T12:23:49","slug":"le-tapis-de-fleurs-un-spectacle-ephemere-sur-la-plus-belle-place-du-monde","status":"publish","type":"tribe_events","link":"https:\/\/marolles.brussels\/nl\/event\/le-tapis-de-fleurs-un-spectacle-ephemere-sur-la-plus-belle-place-du-monde\/","title":{"rendered":"Le Tapis de Fleurs : un spectacle \u00e9ph\u00e9m\u00e8re sur la plus belle place du monde !"},"content":{"rendered":"<h1 class=\"homepage__section--title\">LE TAPIS DE FLEURS 2018 R\u00c9V\u00c8LE LES MERVEILLES DU GUANAJUATO<\/h1>\n<div class=\"homepage__section--description\">\n<p>Du 16 au 19 ao\u00fbt 2018, le c\u00e9l\u00e8bre\u00a0Tapis de Fleurs sur la Grand-Place\u00a0sera enti\u00e8rement plac\u00e9 sous le signe du Guanajuato, une r\u00e9gion mexicaine ayant une culture et une tradition florale particuli\u00e8rement riches. \u00c0 l\u2019occasion du 20\u00e8me\u00a0anniversaire de l\u2019inscription de la Grand-Place au patrimoine mondial de l\u2019Unesco, vous pourrez en outre vous r\u00e9jouir d\u2019une exposition florale suppl\u00e9mentaire sur la Place de la Bourse.<\/p>\n<h1 class=\"homepage__section--title\">PLUS DE 500 000 FLEURS!<\/h1>\n<div class=\"homepage__section--description\">\n<p>Le Tapis de Fleurs mesure 75 m de long sur 24 m de large. 1.800 m2 de b\u00e9gonias, de dahlias, de gramin\u00e9es et d&#8217;\u00e9corces.\u00a0Une centaine de b\u00e9n\u00e9voles assemblent le tapis en moins de huit\u00a0heures. Le Tapis de Fleurs de Bruxelles se d\u00e9roule tous les deux ans, sur la Grand-Place depuis 1971.<\/p>\n<h3>PARFUM, COULEURS, SONS ET LUMI\u00c8RES\u2026<\/h3>\n<p>Tous les deux \u00e9t\u00e9s, le week-end du 15 ao\u00fbt, le Tapis de Fleurs est l\u2019occasion de fl\u00e2ner sur la Grand-Place, tr\u00e9sor d\u2019architecture gothique, de respirer les b\u00e9gonias, d\u2019en admirer les d\u00e9tails. Ce spectacle extraordinaire se compl\u00e8te par une visite sur le balcon de l\u2019H\u00f4tel de Ville, qui offre une vision grand angle de l\u2019\u0153uvre. \u00a0Un th\u00e8me musical est sp\u00e9cialement compos\u00e9 \u00e0 chaque \u00e9dition. Un concert est donn\u00e9 sur la Grand-Place tous les soirs et accompagne un magnifique son et lumi\u00e8re.<\/p>\n<p><a href=\"http:\/\/www.flowercarpet.brussels\">En savoir plus &gt;&gt;&gt;<\/a><\/p>\n<\/div>\n<\/div>\n","protected":false},"excerpt":{"rendered":"<p>LE TAPIS DE FLEURS 2018 R\u00c9V\u00c8LE LES MERVEILLES DU GUANAJUATO Du 16 au 19 ao\u00fbt 2018, le c\u00e9l\u00e8bre\u00a0Tapis de Fleurs sur la Grand-Place\u00a0sera enti\u00e8rement plac\u00e9 sous le signe du Guanajuato, [&hellip;]<\/p>\n","protected":false},"author":164,"featured_media":11991,"template":"","meta":{"_acf_changed":false,"_exactmetrics_skip_tracking":false,"_exactmetrics_sitenote_active":false,"_exactmetrics_sitenote_note":"","_exactmetrics_sitenote_category":0,"_tribe_events_status":"","_tribe_events_status_reason":"","footnotes":""},"tags":[],"tribe_events_cat":[],"class_list":["post-11997","tribe_events","type-tribe_events","status-publish","has-post-thumbnail","hentry"],"acf":[],"cubewp_post_meta":[],"taxonomies":[],"yoast_head":"<!-- This site is optimized with the Yoast SEO plugin v27.3 - https:\/\/yoast.com\/product\/yoast-seo-wordpress\/ -->\n<title>Le Tapis de Fleurs : un spectacle \u00e9ph\u00e9m\u00e8re sur la plus belle place du monde ! - Marolles<\/title>\n<meta name=\"robots\" content=\"index, follow, max-snippet:-1, max-image-preview:large, max-video-preview:-1\" \/>\n<link rel=\"canonical\" href=\"https:\/\/marolles.brussels\/nl\/event\/le-tapis-de-fleurs-un-spectacle-ephemere-sur-la-plus-belle-place-du-monde\/\" \/>\n<meta property=\"og:locale\" content=\"nl_NL\" \/>\n<meta property=\"og:type\" content=\"article\" \/>\n<meta property=\"og:title\" content=\"Le Tapis de Fleurs : un spectacle \u00e9ph\u00e9m\u00e8re sur la plus belle place du monde ! - Marolles\" \/>\n<meta property=\"og:description\" content=\"LE TAPIS DE FLEURS 2018 R\u00c9V\u00c8LE LES MERVEILLES DU GUANAJUATO Du 16 au 19 ao\u00fbt 2018, le c\u00e9l\u00e8bre\u00a0Tapis de Fleurs sur la Grand-Place\u00a0sera enti\u00e8rement plac\u00e9 sous le signe du Guanajuato, [&hellip;]\" \/>\n<meta property=\"og:url\" content=\"https:\/\/marolles.brussels\/nl\/event\/le-tapis-de-fleurs-un-spectacle-ephemere-sur-la-plus-belle-place-du-monde\/\" \/>\n<meta property=\"og:site_name\" content=\"Marolles\" \/>\n<meta property=\"article:modified_time\" content=\"2018-08-15T12:23:49+00:00\" \/>\n<meta property=\"og:image\" content=\"https:\/\/marolles.brussels\/wp-content\/uploads\/2018\/08\/f01_0.jpg\" \/>\n\t<meta property=\"og:image:width\" content=\"1400\" \/>\n\t<meta property=\"og:image:height\" content=\"462\" \/>\n\t<meta property=\"og:image:type\" content=\"image\/jpeg\" \/>\n<meta name=\"twitter:card\" content=\"summary_large_image\" \/>\n<script type=\"application\/ld+json\" class=\"yoast-schema-graph\">{\"@context\":\"https:\\\/\\\/schema.org\",\"@graph\":[{\"@type\":\"WebPage\",\"@id\":\"https:\\\/\\\/marolles.brussels\\\/nl\\\/event\\\/le-tapis-de-fleurs-un-spectacle-ephemere-sur-la-plus-belle-place-du-monde\\\/\",\"url\":\"https:\\\/\\\/marolles.brussels\\\/nl\\\/event\\\/le-tapis-de-fleurs-un-spectacle-ephemere-sur-la-plus-belle-place-du-monde\\\/\",\"name\":\"Le Tapis de Fleurs : un spectacle \u00e9ph\u00e9m\u00e8re sur la plus belle place du monde ! - Marolles\",\"isPartOf\":{\"@id\":\"https:\\\/\\\/marolles.brussels\\\/nl\\\/#website\"},\"primaryImageOfPage\":{\"@id\":\"https:\\\/\\\/marolles.brussels\\\/nl\\\/event\\\/le-tapis-de-fleurs-un-spectacle-ephemere-sur-la-plus-belle-place-du-monde\\\/#primaryimage\"},\"image\":{\"@id\":\"https:\\\/\\\/marolles.brussels\\\/nl\\\/event\\\/le-tapis-de-fleurs-un-spectacle-ephemere-sur-la-plus-belle-place-du-monde\\\/#primaryimage\"},\"thumbnailUrl\":\"https:\\\/\\\/marolles.brussels\\\/wp-content\\\/uploads\\\/2018\\\/08\\\/f01_0.jpg\",\"datePublished\":\"2018-08-15T10:06:16+00:00\",\"dateModified\":\"2018-08-15T12:23:49+00:00\",\"breadcrumb\":{\"@id\":\"https:\\\/\\\/marolles.brussels\\\/nl\\\/event\\\/le-tapis-de-fleurs-un-spectacle-ephemere-sur-la-plus-belle-place-du-monde\\\/#breadcrumb\"},\"inLanguage\":\"nl-NL\",\"potentialAction\":[{\"@type\":\"ReadAction\",\"target\":[\"https:\\\/\\\/marolles.brussels\\\/nl\\\/event\\\/le-tapis-de-fleurs-un-spectacle-ephemere-sur-la-plus-belle-place-du-monde\\\/\"]}]},{\"@type\":\"ImageObject\",\"inLanguage\":\"nl-NL\",\"@id\":\"https:\\\/\\\/marolles.brussels\\\/nl\\\/event\\\/le-tapis-de-fleurs-un-spectacle-ephemere-sur-la-plus-belle-place-du-monde\\\/#primaryimage\",\"url\":\"https:\\\/\\\/marolles.brussels\\\/wp-content\\\/uploads\\\/2018\\\/08\\\/f01_0.jpg\",\"contentUrl\":\"https:\\\/\\\/marolles.brussels\\\/wp-content\\\/uploads\\\/2018\\\/08\\\/f01_0.jpg\",\"width\":1400,\"height\":462},{\"@type\":\"BreadcrumbList\",\"@id\":\"https:\\\/\\\/marolles.brussels\\\/nl\\\/event\\\/le-tapis-de-fleurs-un-spectacle-ephemere-sur-la-plus-belle-place-du-monde\\\/#breadcrumb\",\"itemListElement\":[{\"@type\":\"ListItem\",\"position\":1,\"name\":\"Accueil\",\"item\":\"https:\\\/\\\/marolles.brussels\\\/nl\\\/\"},{\"@type\":\"ListItem\",\"position\":2,\"name\":\"Evenementen\",\"item\":\"https:\\\/\\\/marolles.brussels\\\/nl\\\/evenements\\\/\"},{\"@type\":\"ListItem\",\"position\":3,\"name\":\"Le Tapis de Fleurs : un spectacle \u00e9ph\u00e9m\u00e8re sur la plus belle place du monde !\"}]},{\"@type\":\"WebSite\",\"@id\":\"https:\\\/\\\/marolles.brussels\\\/nl\\\/#website\",\"url\":\"https:\\\/\\\/marolles.brussels\\\/nl\\\/\",\"name\":\"Marolles\",\"description\":\"D\u00e9couvrez les meilleurs endroits pour manger, boire un verre entre amis ou faire vos achats pr\u00e8s de chez vous.\",\"potentialAction\":[{\"@type\":\"SearchAction\",\"target\":{\"@type\":\"EntryPoint\",\"urlTemplate\":\"https:\\\/\\\/marolles.brussels\\\/nl\\\/?s={search_term_string}\"},\"query-input\":{\"@type\":\"PropertyValueSpecification\",\"valueRequired\":true,\"valueName\":\"search_term_string\"}}],\"inLanguage\":\"nl-NL\"}]}<\/script>\n<!-- \/ Yoast SEO plugin. -->","yoast_head_json":{"title":"Le Tapis de Fleurs : un spectacle \u00e9ph\u00e9m\u00e8re sur la plus belle place du monde ! - Marolles","robots":{"index":"index","follow":"follow","max-snippet":"max-snippet:-1","max-image-preview":"max-image-preview:large","max-video-preview":"max-video-preview:-1"},"canonical":"https:\/\/marolles.brussels\/nl\/event\/le-tapis-de-fleurs-un-spectacle-ephemere-sur-la-plus-belle-place-du-monde\/","og_locale":"nl_NL","og_type":"article","og_title":"Le Tapis de Fleurs : un spectacle \u00e9ph\u00e9m\u00e8re sur la plus belle place du monde ! - Marolles","og_description":"LE TAPIS DE FLEURS 2018 R\u00c9V\u00c8LE LES MERVEILLES DU GUANAJUATO Du 16 au 19 ao\u00fbt 2018, le c\u00e9l\u00e8bre\u00a0Tapis de Fleurs sur la Grand-Place\u00a0sera enti\u00e8rement plac\u00e9 sous le signe du Guanajuato, [&hellip;]","og_url":"https:\/\/marolles.brussels\/nl\/event\/le-tapis-de-fleurs-un-spectacle-ephemere-sur-la-plus-belle-place-du-monde\/","og_site_name":"Marolles","article_modified_time":"2018-08-15T12:23:49+00:00","og_image":[{"width":1400,"height":462,"url":"https:\/\/marolles.brussels\/wp-content\/uploads\/2018\/08\/f01_0.jpg","type":"image\/jpeg"}],"twitter_card":"summary_large_image","schema":{"@context":"https:\/\/schema.org","@graph":[{"@type":"WebPage","@id":"https:\/\/marolles.brussels\/nl\/event\/le-tapis-de-fleurs-un-spectacle-ephemere-sur-la-plus-belle-place-du-monde\/","url":"https:\/\/marolles.brussels\/nl\/event\/le-tapis-de-fleurs-un-spectacle-ephemere-sur-la-plus-belle-place-du-monde\/","name":"Le Tapis de Fleurs : un spectacle \u00e9ph\u00e9m\u00e8re sur la plus belle place du monde ! - Marolles","isPartOf":{"@id":"https:\/\/marolles.brussels\/nl\/#website"},"primaryImageOfPage":{"@id":"https:\/\/marolles.brussels\/nl\/event\/le-tapis-de-fleurs-un-spectacle-ephemere-sur-la-plus-belle-place-du-monde\/#primaryimage"},"image":{"@id":"https:\/\/marolles.brussels\/nl\/event\/le-tapis-de-fleurs-un-spectacle-ephemere-sur-la-plus-belle-place-du-monde\/#primaryimage"},"thumbnailUrl":"https:\/\/marolles.brussels\/wp-content\/uploads\/2018\/08\/f01_0.jpg","datePublished":"2018-08-15T10:06:16+00:00","dateModified":"2018-08-15T12:23:49+00:00","breadcrumb":{"@id":"https:\/\/marolles.brussels\/nl\/event\/le-tapis-de-fleurs-un-spectacle-ephemere-sur-la-plus-belle-place-du-monde\/#breadcrumb"},"inLanguage":"nl-NL","potentialAction":[{"@type":"ReadAction","target":["https:\/\/marolles.brussels\/nl\/event\/le-tapis-de-fleurs-un-spectacle-ephemere-sur-la-plus-belle-place-du-monde\/"]}]},{"@type":"ImageObject","inLanguage":"nl-NL","@id":"https:\/\/marolles.brussels\/nl\/event\/le-tapis-de-fleurs-un-spectacle-ephemere-sur-la-plus-belle-place-du-monde\/#primaryimage","url":"https:\/\/marolles.brussels\/wp-content\/uploads\/2018\/08\/f01_0.jpg","contentUrl":"https:\/\/marolles.brussels\/wp-content\/uploads\/2018\/08\/f01_0.jpg","width":1400,"height":462},{"@type":"BreadcrumbList","@id":"https:\/\/marolles.brussels\/nl\/event\/le-tapis-de-fleurs-un-spectacle-ephemere-sur-la-plus-belle-place-du-monde\/#breadcrumb","itemListElement":[{"@type":"ListItem","position":1,"name":"Accueil","item":"https:\/\/marolles.brussels\/nl\/"},{"@type":"ListItem","position":2,"name":"Evenementen","item":"https:\/\/marolles.brussels\/nl\/evenements\/"},{"@type":"ListItem","position":3,"name":"Le Tapis de Fleurs : un spectacle \u00e9ph\u00e9m\u00e8re sur la plus belle place du monde !"}]},{"@type":"WebSite","@id":"https:\/\/marolles.brussels\/nl\/#website","url":"https:\/\/marolles.brussels\/nl\/","name":"Marolles","description":"D\u00e9couvrez les meilleurs endroits pour manger, boire un verre entre amis ou faire vos achats pr\u00e8s de chez vous.","potentialAction":[{"@type":"SearchAction","target":{"@type":"EntryPoint","urlTemplate":"https:\/\/marolles.brussels\/nl\/?s={search_term_string}"},"query-input":{"@type":"PropertyValueSpecification","valueRequired":true,"valueName":"search_term_string"}}],"inLanguage":"nl-NL"}]}},"_links":{"self":[{"href":"https:\/\/marolles.brussels\/nl\/wp-json\/wp\/v2\/tribe_events\/11997","targetHints":{"allow":["GET"]}}],"collection":[{"href":"https:\/\/marolles.brussels\/nl\/wp-json\/wp\/v2\/tribe_events"}],"about":[{"href":"https:\/\/marolles.brussels\/nl\/wp-json\/wp\/v2\/types\/tribe_events"}],"author":[{"embeddable":true,"href":"https:\/\/marolles.brussels\/nl\/wp-json\/wp\/v2\/users\/164"}],"version-history":[{"count":0,"href":"https:\/\/marolles.brussels\/nl\/wp-json\/wp\/v2\/tribe_events\/11997\/revisions"}],"wp:featuredmedia":[{"embeddable":true,"href":"https:\/\/marolles.brussels\/nl\/wp-json\/wp\/v2\/media\/11991"}],"wp:attachment":[{"href":"https:\/\/marolles.brussels\/nl\/wp-json\/wp\/v2\/media?parent=11997"}],"wp:term":[{"taxonomy":"post_tag","embeddable":true,"href":"https:\/\/marolles.brussels\/nl\/wp-json\/wp\/v2\/tags?post=11997"},{"taxonomy":"tribe_events_cat","embeddable":true,"href":"https:\/\/marolles.brussels\/nl\/wp-json\/wp\/v2\/tribe_events_cat?post=11997"}],"curies":[{"name":"wp","href":"https:\/\/api.w.org\/{rel}","templated":true}]}}

Le Tapis de Fleurs : un spectacle éphémère sur la plus belle place du monde !

<h1 class="homepage__section--title">LE TAPIS DE FLEURS 2018 RÉVÈLE LES MERVEILLES DU GUANAJUATO</h1>
<div class="homepage__section--description">
<p>Du 16 au 19 août 2018, le célèbre Tapis de Fleurs sur la Grand-Place sera entièrement placé sous le signe du Guanajuato, une région mexicaine ayant une culture et une tradition florale particulièrement riches. À l’occasion du 20ème anniversaire de l’inscription de la Grand-Place au patrimoine mondial de l’Unesco, vous pourrez en outre vous réjouir d’une exposition florale supplémentaire sur la Place de la Bourse.</p>
<h1 class="homepage__section--title">PLUS DE 500 000 FLEURS!</h1>
<div class="homepage__section--description">
<p>Le Tapis de Fleurs mesure 75 m de long sur 24 m de large. 1.800 m2 de bégonias, de dahlias, de graminées et d&#8217;écorces. Une centaine de bénévoles assemblent le tapis en moins de huit heures. Le Tapis de Fleurs de Bruxelles se déroule tous les deux ans, sur la Grand-Place depuis 1971.</p>
<h3>PARFUM, COULEURS, SONS ET LUMIÈRES…</h3>
<p>Tous les deux étés, le week-end du 15 août, le Tapis de Fleurs est l’occasion de flâner sur la Grand-Place, trésor d’architecture gothique, de respirer les bégonias, d’en admirer les détails. Ce spectacle extraordinaire se complète par une visite sur le balcon de l’Hôtel de Ville, qui offre une vision grand angle de l’œuvre.  Un thème musical est spécialement composé à chaque édition. Un concert est donné sur la Grand-Place tous les soirs et accompagne un magnifique son et lumière.</p>
<p><a href="http://www.flowercarpet.brussels">En savoir plus &gt;&gt;&gt;</a></p>
</div>
</div>

<p>LE TAPIS DE FLEURS 2018 RÉVÈLE LES MERVEILLES DU GUANAJUATO Du 16 au 19 août 2018, le célèbre Tapis de Fleurs sur la Grand-Place sera entièrement placé sous le signe du Guanajuato, [&hellip;]</p>

<!-- This site is optimized with the Yoast SEO plugin v27.3 - https://yoast.com/product/yoast-seo-wordpress/ -->
<title>Le Tapis de Fleurs : un spectacle éphémère sur la plus belle place du monde ! - Marolles</title>
<meta name="robots" content="index, follow, max-snippet:-1, max-image-preview:large, max-video-preview:-1" />
<link rel="canonical" href="https://marolles.brussels/nl/event/le-tapis-de-fleurs-un-spectacle-ephemere-sur-la-plus-belle-place-du-monde/" />
<meta property="og:locale" content="nl_NL" />
<meta property="og:type" content="article" />
<meta property="og:title" content="Le Tapis de Fleurs : un spectacle éphémère sur la plus belle place du monde ! - Marolles" />
<meta property="og:description" content="LE TAPIS DE FLEURS 2018 RÉVÈLE LES MERVEILLES DU GUANAJUATO Du 16 au 19 août 2018, le célèbre Tapis de Fleurs sur la Grand-Place sera entièrement placé sous le signe du Guanajuato, [&hellip;]" />
<meta property="og:url" content="https://marolles.brussels/nl/event/le-tapis-de-fleurs-un-spectacle-ephemere-sur-la-plus-belle-place-du-monde/" />
<meta property="og:site_name" content="Marolles" />
<meta property="article:modified_time" content="2018-08-15T12:23:49+00:00" />
<meta property="og:image" content="https://marolles.brussels/wp-content/uploads/2018/08/f01_0.jpg" />
	<meta property="og:image:width" content="1400" />
	<meta property="og:image:height" content="462" />
	<meta property="og:image:type" content="image/jpeg" />
<meta name="twitter:card" content="summary_large_image" />
<script type="application/ld+json" class="yoast-schema-graph">{"@context":"https:\/\/schema.org","@graph":[{"@type":"WebPage","@id":"https:\/\/marolles.brussels\/nl\/event\/le-tapis-de-fleurs-un-spectacle-ephemere-sur-la-plus-belle-place-du-monde\/","url":"https:\/\/marolles.brussels\/nl\/event\/le-tapis-de-fleurs-un-spectacle-ephemere-sur-la-plus-belle-place-du-monde\/","name":"Le Tapis de Fleurs : un spectacle éphémère sur la plus belle place du monde ! - Marolles","isPartOf":{"@id":"https:\/\/marolles.brussels\/nl\/#website"},"primaryImageOfPage":{"@id":"https:\/\/marolles.brussels\/nl\/event\/le-tapis-de-fleurs-un-spectacle-ephemere-sur-la-plus-belle-place-du-monde\/#primaryimage"},"image":{"@id":"https:\/\/marolles.brussels\/nl\/event\/le-tapis-de-fleurs-un-spectacle-ephemere-sur-la-plus-belle-place-du-monde\/#primaryimage"},"thumbnailUrl":"https:\/\/marolles.brussels\/wp-content\/uploads\/2018\/08\/f01_0.jpg","datePublished":"2018-08-15T10:06:16+00:00","dateModified":"2018-08-15T12:23:49+00:00","breadcrumb":{"@id":"https:\/\/marolles.brussels\/nl\/event\/le-tapis-de-fleurs-un-spectacle-ephemere-sur-la-plus-belle-place-du-monde\/#breadcrumb"},"inLanguage":"nl-NL","potentialAction":[{"@type":"ReadAction","target":["https:\/\/marolles.brussels\/nl\/event\/le-tapis-de-fleurs-un-spectacle-ephemere-sur-la-plus-belle-place-du-monde\/"]}]},{"@type":"ImageObject","inLanguage":"nl-NL","@id":"https:\/\/marolles.brussels\/nl\/event\/le-tapis-de-fleurs-un-spectacle-ephemere-sur-la-plus-belle-place-du-monde\/#primaryimage","url":"https:\/\/marolles.brussels\/wp-content\/uploads\/2018\/08\/f01_0.jpg","contentUrl":"https:\/\/marolles.brussels\/wp-content\/uploads\/2018\/08\/f01_0.jpg","width":1400,"height":462},{"@type":"BreadcrumbList","@id":"https:\/\/marolles.brussels\/nl\/event\/le-tapis-de-fleurs-un-spectacle-ephemere-sur-la-plus-belle-place-du-monde\/#breadcrumb","itemListElement":[{"@type":"ListItem","position":1,"name":"Accueil","item":"https:\/\/marolles.brussels\/nl\/"},{"@type":"ListItem","position":2,"name":"Evenementen","item":"https:\/\/marolles.brussels\/nl\/evenements\/"},{"@type":"ListItem","position":3,"name":"Le Tapis de Fleurs : un spectacle éphémère sur la plus belle place du monde !"}]},{"@type":"WebSite","@id":"https:\/\/marolles.brussels\/nl\/#website","url":"https:\/\/marolles.brussels\/nl\/","name":"Marolles","description":"Découvrez les meilleurs endroits pour manger, boire un verre entre amis ou faire vos achats près de chez vous.","potentialAction":[{"@type":"SearchAction","target":{"@type":"EntryPoint","urlTemplate":"https:\/\/marolles.brussels\/nl\/?s={search_term_string}"},"query-input":{"@type":"PropertyValueSpecification","valueRequired":true,"valueName":"search_term_string"}}],"inLanguage":"nl-NL"}]}</script>
<!-- / Yoast SEO plugin. -->

Le Tapis de Fleurs : un spectacle éphémère sur la plus belle place du monde ! - Marolles

LE TAPIS DE FLEURS 2018 RÉVÈLE LES MERVEILLES DU GUANAJUATO Du 16 au 19 août 2018, le célèbre Tapis de Fleurs sur la Grand-Place sera entièrement placé sous le signe du Guanajuato, [&hellip;]

Découvrez les meilleurs endroits pour manger, boire un verre entre amis ou faire vos achats près de chez vous.
